he greatest common divisor of 17808 and 26152532?
1484
What is the greatest common factor of 1715672 and 63?
7
What is the highest common factor of 65909350 and 650?
650
What is the greatest common factor of 36423 and 1149774?
213
Calculate the highest common divisor of 81606 and 19546.
58
What is the greatest common divisor of 5372 and 4330780?
316
What is the greatest common factor of 246820 and 233576?
1204
What is the highest common divisor of 45 and 54247845?
15
What is the highest common divisor of 531898 and 55025?
31
What is the greatest common divisor of 367452 and 76936?
236
Calculate the greatest common divisor of 60 and 10288580.
20
What is the highest common divisor of 351 and 11259261?
117
What is the highest common factor of 85888976 and 12688?
976
What is the highest common factor of 5603 and 635811631?
5603
What is the highest common factor of 85658205 and 105?
15
What is the highest common divisor of 6401 and 1412623?
37
What is the highest common factor of 4148310 and 77910?
1590
Calculate the highest common divisor of 145805296 and 26.
26
What is the greatest common factor of 7117932 and 3534?
114
What is the greatest common factor of 619261 and 294?
1
Calculate the highest common divisor of 109929177 and 63.
9
What is the highest common factor of 14060 and 22740?
20
Calculate the greatest common factor of 599046 and 1904.
238
Calculate the highest common factor of 12888396 and 1296.
324
What is the highest common factor of 1821808 and 176?
16
Calculate the greatest common factor of 25483080 and 1932.
1932
Calculate the highest common factor of 35 and 446398855.
35
Calculate the greatest common divisor of 3828 and 189890492.
1276
Calculate the highest common divisor of 11932 and 914698.
38
Calculate the greatest common divisor of 1121794114 and 56.
14
What is the highest common divisor of 1017687 and 6215?
11
Calculate the highest common divisor of 16925 and 86575.
25
Calculate the greatest common divisor of 10915 and 1229560.
295
Calculate the highest common divisor of 63 and 1980977607.
63
Calculate the greatest common divisor of 1175 and 28042362.
47
What is the greatest common divisor of 318 and 615558?
6
Calculate the greatest common divisor of 84931406 and 1596.
266
What is the greatest common factor of 914770 and 4250?
170
Calculate the greatest common divisor of 1038 and 44125034.
346
Calculate the greatest common factor of 734 and 3126106.
734
Calculate the greatest common divisor of 16398515 and 71.
71
Calculate the highest common divisor of 2650 and 4371122.
106
Calculate the highest common divisor of 393296 and 3901.
47
What is the highest common divisor of 43741 and 1928837?
1411
What is the highest common factor of 12 and 10902114?
6
What is the highest common divisor of 11840 and 1075520?
320
Calculate the greatest common factor of 66929989 and 38.
19
Calculate the highest common divisor of 1321035 and 3210.
15
What is the highest common factor of 116914 and 220705?
1193
Calculate the greatest common divisor of 240 and 91698252.
12
Calculate the highest common divisor of 1488 and 216076944.
1488
Calculate the greatest common divisor of 7840 and 1103585.
35
Calculate the highest common divisor of 1353232 and 5561.
83
What is the highest common divisor of 528 and 29264136?
264
Calculate the greatest common divisor of 6107 and 981925.
31
Calculate the highest common divisor of 39546 and 1788904.
26
Calculate the highest common factor of 570 and 38038950.
570
Calculate the greatest common divisor of 59328776 and 663.
221
Calculate the highest common divisor of 1501389 and 3087.
9
Calculate the highest common factor of 104 and 12423892.
52
Calculate the highest common divisor of 959959 and 20139.
6713
What is the greatest common divisor of 98 and 76491?
1
Calculate the greatest common factor of 70 and 2340011870.
70
Calculate the greatest common divisor of 2096 and 246835964.
524
What is the highest common divisor of 1107264 and 3354024?
1896
What is the highest common factor of 902 and 2730682?
82
Calculate the highest common divisor of 19179424 and 1771.
253
What is the highest common factor of 669322 and 20?
2
What is the greatest common factor of 1189673859 and 829?
829
What is the highest common factor of 128105262 and 1104?
138
Calculate the greatest common factor of 3044733296 and 88.
88
Calculate the greatest common divisor of 48646 and 69394.
26
What is the highest common factor of 1152033 and 102202?
137
What is the highest common factor of 58360 and 2360?
40
Calculate the greatest common divisor of 504 and 12184956.
252
Calculate the greatest common factor of 518087 and 8094.
71
What is the highest common divisor of 19 and 24807046?
19
What is the highest common factor of 19179 and 381033?
9
What is the greatest common factor of 1427913 and 90?
9
What is the highest common divisor of 84 and 501284?
28
Calculate the greatest common divisor of 2729378 and 6387.
2129
What is the greatest common factor of 65450 and 10480925?
2975
What is the highest common factor of 74191 and 402389?
169
Calculate the highest common factor of 97870216 and 152.
152
What is the greatest common factor of 4847 and 36456907?
131
What is the greatest common factor of 119 and 6284730?
17
What is the highest common factor of 1096 and 477706?
2
What is the highest common factor of 228537 and 9247221?
3411
Calculate the highest common divisor of 93214 and 20799433.
4237
Calculate the greatest common divisor of 35174 and 1237634.
818
What is the highest common divisor of 100 and 302402850?
50
Calculate the greatest common divisor of 23577185 and 69.
23
Calculate the greatest common divisor of 116840889 and 1320.
33
What is the highest common factor of 3770305 and 140?
35
What is the highest common factor of 1264 and 18400680?
632
What is the greatest common divisor of 5310 and 6989022?
1062
What is the greatest common divisor of 217725270 and 1050?
210
Calculate the greatest common factor of 47 and 19189.
1
What is the greatest common factor of 25787 and 776743?
241
What is the highest common factor of 5899297716 and 468?
468
Calculate the highest common factor of 1988 and 34553783.
71
Calculate the greatest common divisor of 132461896 and 5071.
461
What is the highest common factor of 17 and 128086160?
17
What is the greatest common divisor of 52136 and 3819?
19
What is the greatest common divisor of 4020 and 1310310?
30
Calculate the highest common factor of 39988587 and 141.
141
What is the highest common divisor of 247253 and 17363?
97
What is the greatest common factor of 4235 and 123179210?
4235
Calculate the highest common divisor of 838230 and 150.
30
Calculate the highest common factor of 231 and 17478714.
33
What is the highest common divisor of 913460 and 1780?
20
What is the greatest common divisor of 2751 and 2016876?
393
Calculate the highest common divisor of 4573 and 2681123.
269
What is the highest common factor of 1126440 and 44685?
135
Calculate the greatest common factor of 54656 and 45248.
448
Calculate the greatest common divisor of 9000 and 42187000.
1000
Calculate the highest common factor of 6470 and 31195105.
3235
What is the greatest common factor of 4212 and 3411216?
36
Calculate the highest common divisor of 2455 and 390280.
5
Calculate the highest common factor of 216 and 77826834.
18
Calculate the highest common divisor of 168361667 and 23601.
7867
Calculate the highest common divisor of 345608 and 13672.
8
Calculate the greatest common divisor of 280288 and 142880.
608
Calculate the greatest common divisor of 37520 and 72880.
80
What is the highest common factor of 760 and 628560?
40
What is the highest common divisor of 23674 and 81346?
178
Calculate the greatest common divisor of 5043891 and 12.
3
What is the greatest common factor of 305052 and 8?
4
Calculate the highest common factor of 44 and 8384672.
4
What is the highest common factor of 1348950918 and 714?
714
What is the highest common factor of 28710462 and 1770?
354
Calculate the highest common factor of 3904 and 206617248.
1952
Calculate the greatest common divisor of 1122 and 932902234.
374
What is the highest common divisor of 85564388 and 294?
98
Calculate the greatest common factor of 156 and 313990521.
39
Calculate the greatest com